0 = -5*d - 4*n, 8 = 2*d + 3*n. Determine u(d).
46
Let a(f) be the second derivative of f**5/20 + 7*f**4/12 + 7*f**3/6 - 9*f**2/2 - 2132*f. Give a(-7).
-58
Let f(r) = 6*r - 35. Let x be f(8). Let w(c) = c**3 + c**2 + c. Let p(n) = -3*n**3 + 12*n**2 - 14*n - 16. Let k(t) = -p(t) - 2*w(t). What is k(x)?
3
Suppose -28383 = 8*w - 28343. Let l(m) = -7*m - 12. What is l(w)?
23
Suppose -5*o - 29 = -3*i, i - 5*i + o + 33 = 0. Let h(r) = r + 6*r - i - 15*r + 11*r. What is h(0)?
-8
Let y(a) be the first derivative of a**3/3 - 9*a**2/2 - 68*a - 5532. Calculate y(-5).
2
Let a(d) = -4*d**2 + 1. Let q = 212 + -211. Let o(p) = 16*p**2 - p - 2. Let b(r) = q*a(r) + o(r). What is b(-1)?
12
Let r(y) = y**3 - 41*y**2 - 225*y - 225. Let k be r(46). Let q(c) = c**2 - 11*c + 1. Give q(k).
-29
Let r(s) be the second derivative of 2*s + 2 - 1/12*s**4 - 1/20*s**5 + 0*s**3 + 3*s**2. What is r(0)?
6
Let z(m) be the second derivative of -m**5/20 - 17*m**4/12 - 16*m**3/3 - 18*m**2 - m - 252. Determine z(-15).
-6
Let u(t) be the third derivative of t**6/60 + t**5/20 + t**4/12 + 2*t**3/3 + 5188*t**2. Give u(-3).
-29
Let k(u) = u + 3. Let r be ((-288)/27)/((-1)/(-6)). Let p be -1*(-3)/(-6)*r. Let v = 28 - p. Determine k(v).
-1
Suppose 0 = -3*t - 6, -81 + 34 = -5*j - 4*t. Let x(i) = i**2 + 15*i - 58*i + j*i + 13*i + 8*i + 1. Calculate x(11).
1
Suppose -2*r - 377 = -97. Let c = r + 132. Let p(g) = 3*g**2 + g**3 + g**2 + 4*g**2 + 1 - g. Determine p(c).
9
Let h(b) = -b**3 + 9*b**2 - 7*b - 11. Let f be (-8)/(-40)*10 - -1. Suppose 0 = f*z + d - 23, d + 32 = 4*z - 1. Give h(z).
-3
Let n(p) = p. Let i(l) = -l**2 + l - 1. Let y(s) = s**3 - 9*s**2 + 10*s - 3. Let j(k) = -3*i(k) + y(k). Let r be j(5). Let z = r + -10. Give n(z).
0
Let i(v) = -v - 1. Let j(r) = r**2 - 3*r - 64. Let z be j(10). Let b(f) = 5*f + 5. Let x(k) = z*i(k) + b(k). Calculate x(5).
-6
Let q(b) be the third derivative of b**6/24 + b**5/12 + 5*b**4/24 + b**3/3 + 3*b**2 + 710*b - 2. What is q(-2)?
-28
Suppose 4*i = -0*o + 3*o + 19, -37 = -4*i - 3*o. Suppose -i*l - 21 = 28. Let n(g) = -g**2 - 4*g - 3. What is n(l)?
-24
Let w(r) = -4*r + 2. Let c be (-11376)/36 - 6*1/2. Let h = -321 - c. Determine w(h).
10
Let y(x) be the first derivative of -2*x**3/3 - 11*x**2/2 - 23*x + 1461. Give y(-4).
-11
Let s(y) = -3*y + y + 0*y. Let i be (-2 + -2)*(8/(-4) - 24). Let a = -101 + i. Calculate s(a).
-6
Let q(s) = -s**2 - 2. Let m be (-16 - -22) + (4 - -2)/(-2). Let x(g) = 4*g**2 + 9*g + 2. Let u(b) = m*q(b) + x(b). Calculate u(-8).
-12
Let v(d) = 2*d - 11. Let o(w) = 0*w - w + 22 - 2*w. Let m(y) = -3*o(y) - 5*v(y). Suppose -108*r - 267*r + 27*r = 0. What is m(r)?
-11
Let c(w) = -18*w - 83. Let z(r) = 4*r**2 + 22*r - 482. Let k be z(-14). Determine c(k).
25
Let y(c) = -c**3 + 2*c**2 + 4*c - 3. Let l(g) = -3*g + 19. Let n be l(6). Let s be 1*(n - (2 + -2)). Suppose 13 = 4*j + s. Calculate y(j).
0
Let k(o) be the first derivative of 0*o + 126 - 5/2*o**4 - 2/3*o**3 + 1/2*o**2. Calculate k(1).
-11
Let j(g) = 2*g**2 - 9*g + 9. Let w = -225 - -229. Let z be j(w). Let n(r) = r**2 - r + 1. Calculate n(z).
21
Let k(f) = f**3 + 7*f**2 + 6*f + 4. Let b be k(-6). Let p be ((-1)/(5/b))/((-2)/50). Suppose -a = -6*a + p. Let o(l) = -2*l - 4. Calculate o(a).
-12
Let s(v) = -v**3 + 9*v**2 - 3*v + 108. Suppose -139*m - 310 = -170*m. What is s(m)?
-22
Let m = 338 + -331. Let a(b) = 7 + 5*b - 27*b**2 - 20*b**2 + 46*b**2. What is a(m)?
-7
Let w(f) = -f**2 + 9*f - 9. Let x = 70 + -84. Suppose 4*o - 8*o + 84 = 0. Let s be (o/x)/((-6)/28). Calculate w(s).
5
Let c(f) be the first derivative of 2*f**3/3 + 3*f**2/2 - 2. Suppose 0 = -2*x + 5*a - 19, -a - 3 = -43*x + 46*x. Give c(x).
2
Suppose 5*q + 0*q - 178 = 2*i, 2*i + 142 = 4*q. Let z(d) = 11*d - q*d + 16*d - 2. What is z(-2)?
16
Let y be 4/(-8) + (-228)/(-8). Suppose 5*d - 12*d + y = 0. Let f(r) = r**3 - 3*r**2 - 6*r + 4. Give f(d).
-4
Let y(u) = -u**3 - u**2 - u - 1. Let c be (-12)/(-8) + (78/12 - 2). Let l(q) = -5*q**3 + 4*q**2 - 5*q - 5. Let h(w) = c*y(w) - l(w). Give h(-10).
9
Let r(l) = -53 + 27*l - 44 + 301 - l**2 - 44 + 5*l. Determine r(37).
-25
Let l(u) be the first derivative of u**7/840 + u**6/40 + u**5/120 - 22*u**3/3 + 2*u**2 - 97. Let q(y) be the third derivative of l(y). Calculate q(-9).
-9
Let v(i) = -157*i**3 + 11*i**2 - 50*i + 28. Let t(a) = 37*a**3 - 3*a**2 + 12*a - 7. Let n(u) = 17*t(u) + 4*v(u). Calculate n(4).
-39
Let v(d) be the third derivative of -d**4/24 + 2*d**3 - 4*d**2 + 1. Suppose -n - 20 = -6*n. What is v(n)?
8
Suppose -23*d - 66 = -22*d. Let j = -35 - d. Let q(h) = 2*h + 24 + j - 56 + 2*h**2. Determine q(1).
3
Let p(a) = 20*a**3 + 18*a**3 - 16 - 6*a**3 + 4*a**3 - 11*a. Let k(u) = -18*u**3 + 6*u + 9. Let t(m) = 7*k(m) + 4*p(m). Give t(-1).
-17
Suppose -27*o = 200 - 65. Let d(v) = -v - 17. Give d(o).
-12
Let r(g) be the first derivative of -g**3/3 + 17*g - 410. Calculate r(4).
1
Let o(f) = -3*f**2 - 8*f + 6. Suppose -10786 = 10*w - 10816. Calculate o(w).
-45
Let k(w) be the second derivative of 61*w**3/3 + 309*w**2 + 48*w - 95. Give k(-5).
8
Let s(z) be the first derivative of 5 - 1/24*z**5 + 0*z + 1/24*z**4 + 0*z**2 - 1/360*z**6 - 4*z**3. Let r(f) be the third derivative of s(f). Give r(-4).
5
Let o(j) be the second derivative of j**5/20 - 13*j**4/12 + 10*j**3/3 + 12*j**2 - 456*j - 3. Determine o(11).
2
Let x(j) be the third derivative of -13*j**5/30 + j**4/6 - j**2. Let w(d) = -d - 241 + 720 - 479. Let k(f) = -3*w(f) - x(f). Determine k(1).
25
Let y(d) be the first derivative of 22*d + 5 + 1/2*d**2 + 1/2*d**3. Let c(q) be the first derivative of y(q). What is c(-5)?
-14
Let p = -257 - -256. Let z be 4 + -2 + (-2 - (-6 - p)). Let g(h) = 4*h - h - 4*h - 5. Determine g(z).
-10
Let n(f) be the third derivative of -11*f**4/8 - 1652*f**2. Give n(2).
-66
Suppose 24*u = 53*u + 29. Let s(n) be the first derivative of 3*n**2 + 5*n - 111. What is s(u)?
-1
Let f(l) = -21 - 16 + 84 - 24 - 21 - l. Determine f(-6).
8
Let n(y) = 1. Let d(m) = -5*m - 6 + 8 + 2*m. Let w(x) = x**3 - 11*x**2 - 13*x + 18. Let a be w(12). Let k(p) = a*n(p) - d(p). Calculate k(-4).
-8
Let y = 25 + -28. Let s(p) = p**2 - p + 4. Let h(w) = 2*w**2 + w + 4. Let f(d) = 2*h(d) - 2*s(d). What is f(y)?
6
Let h(c) = 2*c**2 - 2*c - 4. Suppose 11*l - 14*l + 12 = 0. Suppose -4 = i - 0*i + 3*v, 0 = -4*i - 3*v + 11. Suppose -i*z + 3 = -l*z. What is h(z)?
8
Suppose 11*u - 22 - 11 = 0. Suppose 4*l + 3*p = 0, 0*p - 21 = -u*l + 3*p. Let g(j) = l*j + 3*j - j - 12 - 4*j. Determine g(5).
-7
Let r(a) = 2*a**2 + 27*a - 28. Let w(x) be the first derivative of x**3/3 + 7*x**2 - 14*x + 61. Let k(n) = -3*r(n) + 5*w(n). What is k(-11)?
14
Let x(b) = -6*b - 12. Suppose 220*g - 52 = 246*g. Calculate x(g).
0
Let n(x) be the first derivative of 91 - 3/2*x**2 + 11*x. Determine n(8).
-13
Let v = 2202 + -2217. Let g(d) = -d**2 - 17*d + 11. Determine g(v).
41
Let k = -907 - -901. Let j(t) = 6*t + 3. Determine j(k).
-33
Let x(k) = -k**3 + 17*k**2 - 7*k + 25. Let j(q) = -q**2 - 753*q + 12321. Let n be j(16). Calculate x(n).
-94
Let o(r) = 8*r - 12. Let m be (3197/(-207) - -16)*27. What is o(m)?
108
Let b(v) = -1877*v - 261 - 1885*v - 1889*v + 5663*v. Determine b(22).
3
Let t(h) = -h**2 - 3*h - 2. Let k be t(0). Suppose 5*f = -u + 35, -4*f + 36 = 3*u - 25. Let p(z) = -u + 2*z - 3*z + 13. Determine p(k).
0
Let o(d) be the third derivative of 0*d - 110*d**2 + 1/3*d**3 - 1/12*d**4 + 0. Determine o(5).
-8
Let y(u) = -31*u**2 + u**3 + 10*u**2 + 60 - 24*u - 56. Give y(22).
-40
Let l(b) = -b - 7. Suppose -155*c + 154*c = 5*q, -q = -3*c. Determine l(c).
-7
Let o = 2176 - 2165. Let m(z) = -z**3 + 11*z**2 + 10*z - 103. Determine m(o).
7
Suppose a + 3*q + 1 = 0, 0 = -4*a - 3*q + 3 + 11. Let g(i) be the second derivative of -i**3/6 + 7*i**2/2 + i. Give g(a).
2
Let v(l) = 19*l - 6. Let n(i) = -21*i - 2. Let g(a) = -4*n(a) - 5*v(a). Calculate g(6).
-28
Let i(u) = u - 3*u + 0 - u - 1. Suppose -8*v = v - 18. Suppose v*n = -8*l + 4*l - 8, -2*l = -3*n - 4. What is i(n)?
5
Let b(z) be the first derivative of z**3/3 - z**2 - 13*z - 340. What is b(6)?
11
Let i(u) = u**2 - 5*u + 1. Let l(z) = -2*z - 1. Let g be l(-1). Let n be (-3)/3*-2 + (-2)/g. Suppose 27*b - 30*b + 12 = n. Calculate i(b).
-3
Let r(k) = -7*k**3 - 30*k**2 + 28*k - 38. Let s(c) = 18*c**3 + 91*c**2 - 81*c 